(3 + 18/(-4))*14. Let r = -3 - s. What is the remainder when 34 is divided by r?
16
Let r = 79 - 31. Let p = r + -16. Suppose 4 = 4*f - 40. Calculate the remainder when p is divided by f.
10
Suppose -2*l = 2*l - 24. What is the remainder when 20 is divided by (-4)/l*42/(-4)?
6
Let a = -66 + 81. Suppose -f + 0 = -2, -2*p - 4*f = -126. Calculate the remainder when p is divided by a.
14
Suppose -22 = -4*d + d + 5*x, -48 = -4*d + 2*x. Suppose -2 = -2*f + 104. What is the remainder when f is divided by d?
11
Suppose 0*h + 3*h = 57. What is the remainder when 22 is divided by (1 - h)*2/(-3)?
10
Let r(h) = -51*h**3 + h. Let g be r(1). Let i = -29 - g. Suppose -4*m = -2*m - 22. Calculate the remainder when i is divided by m.
10
Suppose -4*b = -5*l + 93, 2*b = 4*l + 7*b - 58. Calculate the remainder when 29 is divided by l.
12
Suppose p + 4*p = 35. Calculate the remainder when 13 is divided by p.
6
Let x = 31 + -24. Let m = 16 + x. Calculate the remainder when 89 is divided by m.
20
Let z(m) = -m + 5. Let a be z(5). Let i be 3 - (a/1 - 2). What is the remainder when 18/i + 4/10 is divided by 2?
0
Let a = 132 + -113. What is the remainder when a is divided by 11?
8
Suppose -h + 5*h - 60 = 0. Calculate the remainder when h is divided by -15*(3 - (-54)/(-15)).
6
Let h = 2 + 5. Let t(q) = q**2 - 3*q - 6. What is the remainder when t(6) is divided by h?
5
Let b be -3*3/((-9)/3). Suppose 5 = -b*g - 1. What is the remainder when 23 is divided by g + 0 + (-14)/(-1)?
11
Suppose 3*v - 50 = n, v + v - 3*n - 45 = 0. Calculate the remainder when 5/((-15)/(-69)) - -4 is divided by v.
12
Let w be 1/(-2)*(-6 - -52). Suppose -x - 4 = 0, 2*x + 9 - 1 = -3*q. What is the remainder when q + (-4 + 2 - w) is divided by 11?
10
Let r(f) = -f**3 - 6*f**2 + 1. Let w be r(-6). What is the remainder when 39 is divided by w - (-27)/(6/2)?
9
Let g = -17 + 92. Suppose 2*f = -m + 50, -3*f = m + 2*m - g. What is the remainder when f is divided by 7?
4
Suppose 0*y = -3*y, 90 = 3*i + 3*y. Calculate the remainder when 88 is divided by i.
28
Suppose 6 = -3*r - 2*r - 2*l, 3*r + l + 3 = 0. Suppose r*x = -2*x + 72. What is the remainder when x is divided by 19?
17
Suppose 17 = 4*o - 43. Calculate the remainder when 25 is divided by o.
10
Let v = -12 + 28. Let d = -57 - -88. What is the remainder when d is divided by v?
15
Let i = 10 + -1. What is the remainder when 33 is divided by i?
6
Suppose 5*q = 10*q - 625. Calculate the remainder when q is divided by 32.
29
Let d = 54 - 34. Let i(z) = z**3 + 2*z**2 - 5*z - 4. What is the remainder when d is divided by i(-2)?
2
Let v = -7 + 5. Let q = v + 6. What is the remainder when 11 is divided by q?
3
Let m = -116 + 187. Calculate the remainder when 282 is divided by m.
69
Let z = 6 - -4. Let i = 6 - 3. Suppose -i*g - 4 = -16. What is the remainder when z is divided by g?
2
Suppose 2*p + 6*m - 2*m = 2, 0 = -5*p + 3*m + 18. Let k(d) = 2*d. What is the remainder when k(2) is divided by p?
1
What is the remainder when (6/5)/((-8)/(-380)) is divided by 15?
12
Let n(x) = -6*x**3 - 3*x - 4. What is the remainder when n(-2) is divided by 13?
11
Suppose -5*o - 4*a = 6, 3*o - 25 = 4*a - 3. Calculate the remainder when 100 is divided by 0 + (o - 3) + 18.
15
Suppose -4*u = -8*u - 56. What is the remainder when (-594)/u - 16/(-28) is divided by 15?
13
Let p = 47 - 38. What is the remainder when 33 is divided by p?
6
Let a(m) = 30*m**2 + 1. What is the remainder when 60 is divided by a(1)?
29
Let d(y) be the second derivative of -y**3/3 + 11*y**2/2 + y. Suppose 3 = 3*c + 5*t + 5, -t = 3*c + 22. What is the remainder when d(c) is divided by 10?
9
Suppose 0*n + 12 = n. Let u = -8 + n. Calculate the remainder when 7/2*1*u is divided by 5.
4
Suppose 0 = -2*v + 3 + 1. Suppose 0 = 2*y - f - 175, v*f - 1 - 1 = 0. Suppose 0 = -u + 3*u - y. Calculate the remainder when u is divided by 23.
21
Calculate the remainder when 2 + 0 - (-27 + -4) is divided by 9.
6
Let r = 16 + -3. Suppose 4*u + 39 = 187. What is the remainder when u is divided by r?
11
Let i = -40 - -60. What is the remainder when (-19)/(10/(-60) + (-1)/3) is divided by i?
18
Suppose u = 3, 3*m + 2*m = -u + 28. What is the remainder when 9 is divided by m?
4
Calculate the remainder when (-4)/6 - (-924)/9 is divided by 26.
24
Suppose u - 4*u - 173 = -2*r, -4*r - 3*u = -319. Calculate the remainder when r is divided by 28.
26
What is the remainder when 4*(1 - -2 - 1) is divided by 4?
0
Let p be 6 + (-2)/(-2)*0. Suppose p + 3 = 3*f. What is the remainder when 16 is divided by f?
1
Suppose -7 = 8*k - 9*k. What is the remainder when 39 is divided by k?
4
Let s = -12 + 50. Let o = 7 + -3. Let h = o + 9. Calculate the remainder when s is divided by h.
12
Let g be (-3)/(-3 + (-8)/(-3)). What is the remainder when (-366)/(-9) - 2/(-6) is divided by -42*((-6)/2)/g?
13
Let t be 2/(-1)*(-2)/1. Suppose v - t = q, -5*q + 4*q = 5*v - 32. Calculate the remainder when 15 is divided by 6/(-4)*(-32)/v.
7
Let s(d) = -d + d**2 - 3 - 3 + 3. Let u be s(3). Let g(z) = z**3 - 2*z**2 + 2*z. What is the remainder when 28 is divided by g(u)?
13
Let t(x) = 7*x + 1. Let r be t(1). Suppose 2*a - 12 = -3*k, -5*k - 12 = -r*k + 5*a. Calculate the remainder when 4*(-4)/(16/(-6)) is divided by k.
2
Let g(b) = 2*b**2 - 14*b + 9. What is the remainder when g(9) is divided by 16?
13
Let m(w) = -w**2 + w - 4. Let i be m(3). Let t be i/5 + 15*1. Suppose 28 = d - t. What is the remainder when d is divided by 21?
20
Let b be -2 + -1 - -8 - 2. Suppose -b*t + 3*l = -6, -l + 2 = 1. What is the remainder when (25/(-3) + t)*-6 is divided by 11?
10
Suppose -t + 0*t + 2 = 0. Let n(f) = f**2 - 2*f + 3. Calculate the remainder when n(2) is divided by t.
1
Calculate the remainder when 89 is divided by 8/6 - 917/(-21).
44
Let t be (5 + 1)*8/(-16). Let p = 28 + t. Calculate the remainder when p is divided by 9.
7
Let g = -29 - -51. Calculate the remainder when g is divided by ((-9)/(-4))/((-33)/(-88)).
4
Let o = 37 - 33. Calculate the remainder when 29 is divided by o.
1
Suppose 5*l = 4*b - 93, -3 = -b - 3*l - 1. What is the remainder when 65 is divided by b?
14
Let o(n) = n**2 - 6*n + 2. Let z be o(-7). Suppose 0 = -4*a - 3*m - 14 + z, -4*a + 3*m = -97. What is the remainder when a is divided by 6?
4
Let w(q) = q**3 - 7*q**2 - 10*q + 7. Let z be w(8). Calculate the remainder when 17 is divided by (-9 - 0)/(z/6).
5
Let w be (-4 - -6)*(-1 - 16). Let d = w - -90. What is the remainder when d is divided by 19?
18
Suppose 2*y + 2*y = 136. What is the remainder when 135 is divided by y?
33
Let x(n) = n**2 + 3*n + 22. What is the remainder when x(5) is divided by 32?
30
Suppose -18*i - 22 = -20*i. Calculate the remainder when 40 is divided by i.
7
Let i(u) = u**2 + u. What is the remainder when (6/3 + -1)*5 is divided by i(-2)?
1
Let a = 22 + -17. Calculate the remainder when 14 is divided by a.
4
Let b(r) = r**2 - 15*r - 25. Calculate the remainder when 42 is divided by b(17).
6
Let k be (6/12)/((-1)/(-4)). Suppose 3*h - 22 = -k*c, 7 = -c + 3*h - 0. What is the remainder when 7 is divided by c?
2
Suppose 0*l + 4*l + 116 = 0. Let g = l + 70. Let w = -25 - -46. Calculate the remainder when g is divided by w.
20
Let r = 35 + -22. Suppose 128 = -5*h + 3*w, -4*h + h + 5*w = 80. Let v = 12 - h. Calculate the remainder when v is divided by r.
11
Let z(s) = -s**3 - 11*s**2 - 15*s - 9. Let j(q) = -q - 5. Let c be j(5). Calculate the remainder when z(c) is divided by 21.
20
Let f(v) = -v**2 + 7*v - 6. Let x be f(6). Suppose -3*t + 66 = -x*t. Calculate the remainder when t is divided by 8.
6
Let i(y) = -y + 19. Calculate the remainder when 44 is divided by i(7).
8
Suppose k + 1 = -1, 3 = -y - 2*k. Let r(p) = p**2 + 5*p + 2. Calculate the remainder when r(-5) is divided by y.
0
Calculate the remainder when 89 is divided by ((-299)/(-115))/(2/10).
11
Suppose -299 = -3*y + 5*n - 96, 5*n = -2*y + 102. Let l = -16 + y. Calculate the remainder when l is divided by 12.
9
Let m = 414 - 296. What is the remainder when m is divided by (9 - 4)*(0 + 6)?
28
Suppose -q + 18 = q. Let h be 4/14 + 4/(-14). Let x = h - -5. Calculate the remainder when q is divided by x.
4
Let g be 5 + 0/(-2) + -3. Suppose 0 = 3*h - b - 13, -2*h - 3*b + g = -2*b. Suppose 48 + 0 = h*x. What is the remainder when